{"id":137,"date":"2015-01-29T21:53:30","date_gmt":"2015-01-29T20:53:30","guid":{"rendered":"http:\/\/mirfrance.org\/MIR\/?page_id=137"},"modified":"2015-01-29T21:53:30","modified_gmt":"2015-01-29T20:53:30","slug":"formationsretraites","status":"publish","type":"page","link":"https:\/\/mirfrance.org\/MIR\/formationsretraites\/","title":{"rendered":"Formations\/Retraites"},"content":{"rendered":"<p style=\"color: #111111;\">Aujourd\u2019hui, dans notre monde min\u00e9 par la violence et<span style=\"color: #ff0000;\">\u00a0<\/span>les conflits, devenir acteur de non-violence et de r\u00e9conciliation,\u00a0<strong>c\u2019est urgent<\/strong>\u00a0!<\/p>\n<p style=\"color: #111111;\">\u00a0Mais nous ne savons pas toujours comment agir pour faire reculer la violence dans notre entourage, dans la soci\u00e9t\u00e9 et dans notre \u00ab\u00a0village global\u00a0\u00bb.<\/p>\n<p style=\"color: #111111;\"><strong>Le MIR-France propose plusieurs formations et sessions-retraites.<\/strong><\/p>\n<p style=\"color: #111111;\">Les derni\u00e8res conjuguent l\u2019acquisition de la non-violence, l\u2019apport biblique et la pri\u00e8re.<\/p>\n<p style=\"color: #111111;\">\u00a0Toutes nos formations et sessions-retraites se servent d\u2019une p\u00e9dagogie participative.<\/p>\n<p style=\"color: #111111;\">\u00a0Vous pouvez aussi demander au MIR de venir animer\u00a0<strong>une formation ou session-retraite chez vous, avec votre r\u00e9seau, en France et en Afrique francophone.<\/strong><\/p>\n<p style=\"color: #111111;\">Nous adapterons le contenu \u00e0 vos besoins sp\u00e9cifiques.<\/p>\n<p style=\"color: #111111;\"><a style=\"color: #314c74;\" name=\"_GoBack\"><\/a><strong>Nous nous adressons \u00e0 toute personne ou tout groupe engag\u00e9 pour plus de justice et de paix dans notre soci\u00e9t\u00e9 et le monde, particuli\u00e8rement \u00e0 ceux et celles qui lient leur engagement de citoyen \u00e0 une recherche ou motivation religieuse ou spirituelle.<\/strong><\/p>\n<p style=\"color: #111111;\"><a style=\"color: #314c74;\" href=\"http:\/\/www.mirfrance.org\/mirfr\/node\/15\">\u00a0<strong>L&rsquo;\u00e9quipe de formateurs du MIR<\/strong><\/a><\/p>\n<p style=\"color: #111111;\">\n","protected":false},"excerpt":{"rendered":"<p>Aujourd\u2019hui, dans notre monde min\u00e9 par la violence et\u00a0les conflits, devenir acteur de non-violence et de r\u00e9conciliation,\u00a0c\u2019est urgent\u00a0! \u00a0Mais nous ne savons pas toujours comment agir pour faire reculer la violence dans notre entourage, dans la soci\u00e9t\u00e9 et dans notre \u00ab\u00a0village global\u00a0\u00bb. Le MIR-France propose plusieurs formations et sessions-retraites. Les derni\u00e8res conjuguent l\u2019acquisition de la [&hellip;]<\/p>\n","protected":false},"author":1,"featured_media":0,"parent":0,"menu_order":0,"comment_status":"closed","ping_status":"open","template":"","meta":{"footnotes":""},"class_list":["post-137","page","type-page","status-publish","hentry"],"_links":{"self":[{"href":"https:\/\/mirfrance.org\/MIR\/wp-json\/wp\/v2\/pages\/137","targetHints":{"allow":["GET"]}}],"collection":[{"href":"https:\/\/mirfrance.org\/MIR\/wp-json\/wp\/v2\/pages"}],"about":[{"href":"https:\/\/mirfrance.org\/MIR\/wp-json\/wp\/v2\/types\/page"}],"author":[{"embeddable":true,"href":"https:\/\/mirfrance.org\/MIR\/wp-json\/wp\/v2\/users\/1"}],"replies":[{"embeddable":true,"href":"https:\/\/mirfrance.org\/MIR\/wp-json\/wp\/v2\/comments?post=137"}],"version-history":[{"count":1,"href":"https:\/\/mirfrance.org\/MIR\/wp-json\/wp\/v2\/pages\/137\/revisions"}],"predecessor-version":[{"id":138,"href":"https:\/\/mirfrance.org\/MIR\/wp-json\/wp\/v2\/pages\/137\/revisions\/138"}],"wp:attachment":[{"href":"https:\/\/mirfrance.org\/MIR\/wp-json\/wp\/v2\/media?parent=137"}],"curies":[{"name":"wp","href":"https:\/\/api.w.org\/{rel}","templated":true}]}}