{"id":126,"date":"2015-01-29T21:39:15","date_gmt":"2015-01-29T20:39:15","guid":{"rendered":"http:\/\/mirfrance.org\/MIR\/?page_id=126"},"modified":"2015-01-29T21:39:15","modified_gmt":"2015-01-29T20:39:15","slug":"sabonner-aux-cahiers","status":"publish","type":"page","link":"https:\/\/mirfrance.org\/MIR\/sabonner-aux-cahiers\/","title":{"rendered":"S&rsquo;abonner aux Cahiers"},"content":{"rendered":"<p><span style=\"color: #1f325a;\">Pour recevoir notre revue trimestrielle, offrant un large panorama de r\u00e9flexion sur des questions aussi bien politiques, \u00e9conomiques que spirituelles, li\u00e9es \u00e0 la non-violence et \u00e0 la paix,\u00a0<\/span><strong style=\"color: #1f325a;\">abonnez-vous pour un\u00a0an\u00a0!<\/strong><br style=\"color: #1f325a;\" \/><br style=\"color: #1f325a;\" \/><strong style=\"color: #1f325a;\"><a style=\"color: #b95557;\" href=\"http:\/\/mirfrance.org\/cahiers.htm\" target=\"_blank\">D\u00e9couvrir\u00a0les derniers cahiers<\/a>\u00a0\u00a0 \u00a0 \u00a0 \u00a0 \u00a0 \u00a0 \u00a0 \u00a0 \u00a0 \u00a0 \u00a0 \u00a0 \u00a0\u00a0<a style=\"color: #b95557;\" href=\"http:\/\/mirfrance.org\/abonnement.htm\" target=\"_blank\">S&rsquo;abonner<\/a><br \/>\n<\/strong><br style=\"color: #1f325a;\" \/><img loading=\"lazy\" decoding=\"async\" style=\"color: #1f325a;\" src=\"http:\/\/mirfrance.org\/img\/transp.gif\" alt=\"\" width=\"20\" height=\"25\" \/><span style=\"color: #1f325a;\">\u00a0<\/span><img loading=\"lazy\" decoding=\"async\" style=\"color: #1f325a;\" src=\"http:\/\/mirfrance.org\/img\/puce2.gif\" alt=\"\" width=\"6\" height=\"6\" hspace=\"5\" \/><span style=\"color: #1f325a;\">abonnement \u00e0 prix normal\u00a0<\/span><strong style=\"color: #1f325a;\">24 \u20ac\/an<\/strong><br style=\"color: #1f325a;\" \/><img loading=\"lazy\" decoding=\"async\" style=\"color: #1f325a;\" src=\"http:\/\/mirfrance.org\/img\/transp.gif\" alt=\"\" width=\"20\" height=\"25\" \/><span style=\"color: #1f325a;\">\u00a0<\/span><img loading=\"lazy\" decoding=\"async\" style=\"color: #1f325a;\" src=\"http:\/\/mirfrance.org\/img\/puce2.gif\" alt=\"\" width=\"6\" height=\"6\" hspace=\"5\" \/><span style=\"color: #1f325a;\">abonnement petit budget (ch\u00f4meurs, \u00e9tudiants, etc.)\u00a0<\/span><strong style=\"color: #1f325a;\">19 \u20ac\/an<\/strong><br style=\"color: #1f325a;\" \/><img loading=\"lazy\" decoding=\"async\" style=\"color: #1f325a;\" src=\"http:\/\/mirfrance.org\/img\/transp.gif\" alt=\"\" width=\"20\" height=\"25\" \/><span style=\"color: #1f325a;\">\u00a0<\/span><img loading=\"lazy\" decoding=\"async\" style=\"color: #1f325a;\" src=\"http:\/\/mirfrance.org\/img\/puce2.gif\" alt=\"\" width=\"6\" height=\"6\" hspace=\"5\" \/><span style=\"color: #1f325a;\">abonnement de soutien\u00a0<\/span><strong style=\"color: #1f325a;\">30 \u20ac\/an<\/strong><br style=\"color: #1f325a;\" \/><img loading=\"lazy\" decoding=\"async\" style=\"color: #1f325a;\" src=\"http:\/\/mirfrance.org\/img\/transp.gif\" alt=\"\" width=\"20\" height=\"25\" \/><span style=\"color: #1f325a;\">\u00a0<\/span><img loading=\"lazy\" decoding=\"async\" style=\"color: #1f325a;\" src=\"http:\/\/mirfrance.org\/img\/puce2.gif\" alt=\"\" width=\"6\" height=\"6\" hspace=\"5\" \/><span style=\"color: #1f325a;\">abonnement pour les pays de l\u2019Union europ\u00e9enne\u00a0<\/span><strong style=\"color: #1f325a;\">26 \u20ac\/an<\/strong><br style=\"color: #1f325a;\" \/><img loading=\"lazy\" decoding=\"async\" style=\"color: #1f325a;\" src=\"http:\/\/mirfrance.org\/img\/transp.gif\" alt=\"\" width=\"20\" height=\"25\" \/><span style=\"color: #1f325a;\">\u00a0<\/span><img loading=\"lazy\" decoding=\"async\" style=\"color: #1f325a;\" src=\"http:\/\/mirfrance.org\/img\/puce2.gif\" alt=\"\" width=\"6\" height=\"6\" hspace=\"5\" \/><span style=\"color: #1f325a;\">abonnement pour la Suisse\u00a0<\/span><strong style=\"color: #1f325a;\">42 FS.\/an<\/strong><br style=\"color: #1f325a;\" \/><img loading=\"lazy\" decoding=\"async\" style=\"color: #1f325a;\" src=\"http:\/\/mirfrance.org\/img\/transp.gif\" alt=\"\" width=\"20\" height=\"25\" \/><span style=\"color: #1f325a;\">\u00a0<\/span><img loading=\"lazy\" decoding=\"async\" style=\"color: #1f325a;\" src=\"http:\/\/mirfrance.org\/img\/puce2.gif\" alt=\"\" width=\"6\" height=\"6\" hspace=\"5\" \/><span style=\"color: #1f325a;\">abonnement pour les autres pays \u00e9trangers\u00a0<\/span><strong style=\"color: #1f325a;\">29 \u20ac\/an<\/p>\n<p><a style=\"color: #b95557;\" href=\"http:\/\/mirfrance.org\/cahiers.htm\" target=\"_blank\">D\u00e9couvrir\u00a0les derniers cahiers<\/a><br \/>\n<\/strong><\/p>\n","protected":false},"excerpt":{"rendered":"<p>Pour recevoir notre revue trimestrielle, offrant un large panorama de r\u00e9flexion sur des questions aussi bien politiques, \u00e9conomiques que spirituelles, li\u00e9es \u00e0 la non-violence et \u00e0 la paix,\u00a0abonnez-vous pour un\u00a0an\u00a0!D\u00e9couvrir\u00a0les derniers cahiers\u00a0\u00a0 \u00a0 \u00a0 \u00a0 \u00a0 \u00a0 \u00a0 \u00a0 \u00a0 \u00a0 \u00a0 \u00a0 \u00a0\u00a0S&rsquo;abonner \u00a0abonnement \u00e0 prix normal\u00a024 \u20ac\/an\u00a0abonnement petit budget (ch\u00f4meurs, \u00e9tudiants, etc.)\u00a019 \u20ac\/an\u00a0abonnement [&hellip;]<\/p>\n","protected":false},"author":1,"featured_media":0,"parent":0,"menu_order":0,"comment_status":"closed","ping_status":"open","template":"","meta":{"footnotes":""},"class_list":["post-126","page","type-page","status-publish","hentry"],"_links":{"self":[{"href":"https:\/\/mirfrance.org\/MIR\/wp-json\/wp\/v2\/pages\/126","targetHints":{"allow":["GET"]}}],"collection":[{"href":"https:\/\/mirfrance.org\/MIR\/wp-json\/wp\/v2\/pages"}],"about":[{"href":"https:\/\/mirfrance.org\/MIR\/wp-json\/wp\/v2\/types\/page"}],"author":[{"embeddable":true,"href":"https:\/\/mirfrance.org\/MIR\/wp-json\/wp\/v2\/users\/1"}],"replies":[{"embeddable":true,"href":"https:\/\/mirfrance.org\/MIR\/wp-json\/wp\/v2\/comments?post=126"}],"version-history":[{"count":1,"href":"https:\/\/mirfrance.org\/MIR\/wp-json\/wp\/v2\/pages\/126\/revisions"}],"predecessor-version":[{"id":127,"href":"https:\/\/mirfrance.org\/MIR\/wp-json\/wp\/v2\/pages\/126\/revisions\/127"}],"wp:attachment":[{"href":"https:\/\/mirfrance.org\/MIR\/wp-json\/wp\/v2\/media?parent=126"}],"curies":[{"name":"wp","href":"https:\/\/api.w.org\/{rel}","templated":true}]}}